{"id":31,"date":"2023-09-24T00:29:12","date_gmt":"2023-09-23T22:29:12","guid":{"rendered":"http:\/\/veebe.fr\/?page_id=31"},"modified":"2024-09-02T22:10:59","modified_gmt":"2024-09-02T20:10:59","slug":"accueil","status":"publish","type":"page","link":"https:\/\/veebe.fr\/","title":{"rendered":"Accueil"},"content":{"rendered":"\n<p><strong>Fr\u00e9d\u00e9ric Lenoir dit que \u00ab&nbsp;Transmettre, ce n\u2019est pas imposer nos vues \u00e0 l\u2019autre, mais c\u2019est le r\u00e9v\u00e9ler, l\u2019\u00e9veiller, le faire grandir dans ce qu\u2019il a de meilleur. Dans toute transmission individuelle, s\u2019interroger sur ce qu\u2019il est juste de dire, de faire, de montrer, compte tenu de qui est l\u2019autre.&nbsp;\u00bb<\/strong><\/p>\n\n\n\n<p><strong>Pour qu\u2019une transmission ait lieu, il faut qu\u2019une relation soit pr\u00e9sente.<\/strong><br><strong>Cette relation passe d\u2019abord par soi, pour pouvoir \u00eatre vers et avec les autres<\/strong>.<\/p>\n\n\n\n<p><strong>Vivre ensemble en bonne entente cela devrait passer par&nbsp;:<br>\u2013 une r\u00e9flexion sur notre mani\u00e8re de voir la vie, notre vie<br>\u2013 Mettre des mots sur cette r\u00e9flexion et pouvoir l\u2019expliquer<br>\u2013 Une analyse des difficult\u00e9s rencontr\u00e9es dans nos vies suite \u00e0 cette r\u00e9flexion.<\/strong><\/p>\n\n\n\n<p><strong>Dire cela semble simple ou pas, certains y arrive d\u2019autres non.<\/strong><\/p>\n\n\n\n<p><strong>Comme toute chose cela est un apprentissage.<\/strong><\/p>\n\n\n\n<figure class=\"wp-block-image size-full\"><img loading=\"lazy\" decoding=\"async\" width=\"1000\" height=\"525\" src=\"https:\/\/veebe.fr\/wp-content\/uploads\/2023\/09\/cropped-students-4190327_1920.jpg\" alt=\"\" class=\"wp-image-21\" srcset=\"https:\/\/veebe.fr\/wp-content\/uploads\/2023\/09\/cropped-students-4190327_1920.jpg 1000w, https:\/\/veebe.fr\/wp-content\/uploads\/2023\/09\/cropped-students-4190327_1920-300x158.jpg 300w, https:\/\/veebe.fr\/wp-content\/uploads\/2023\/09\/cropped-students-4190327_1920-768x403.jpg 768w, https:\/\/veebe.fr\/wp-content\/uploads\/2023\/09\/cropped-students-4190327_1920-500x263.jpg 500w\" sizes=\"auto, (max-width: 1000px) 100vw, 1000px\" \/><figcaption class=\"wp-element-caption\">Agir dans la r\u00e9flexion pour avancer vers son succ\u00e8s.<\/figcaption><\/figure>\n\n\n\n<div class=\"wp-block-buttons is-layout-flex wp-block-buttons-is-layout-flex\">\n<div class=\"wp-block-button\"><a class=\"wp-block-button__link wp-element-button\" href=\"https:\/\/www.helloasso.com\/associations\/vivons-ensemble-en-bonne-entente\/adhesions\/adhesion-association-veebe-2024-2025\" target=\"_blank\" rel=\"noreferrer noopener\"><mark style=\"background-color:rgba(0, 0, 0, 0)\" class=\"has-inline-color has-blue-color\">Soutenez nous, en adh\u00e9rent<\/mark><\/a><\/div>\n<\/div>\n\n\n\n<p><\/p>\n","protected":false},"excerpt":{"rendered":"<p>Fr\u00e9d\u00e9ric Lenoir dit que \u00ab&nbsp;Transmettre, ce n\u2019est pas imposer nos vues \u00e0 l\u2019autre, mais c\u2019est le r\u00e9v\u00e9ler, l\u2019\u00e9veiller, le faire grandir dans ce qu\u2019il a de meilleur. Dans toute transmission individuelle, s\u2019interroger sur ce qu\u2019il est juste de dire, de &hellip; <a href=\"https:\/\/veebe.fr\/\">Continuer la lecture <span class=\"meta-nav\">&rarr;<\/span><\/a><\/p>\n","protected":false},"author":1,"featured_media":0,"parent":0,"menu_order":0,"comment_status":"closed","ping_status":"closed","template":"","meta":{"footnotes":""},"class_list":["post-31","page","type-page","status-publish","hentry"],"_links":{"self":[{"href":"https:\/\/veebe.fr\/index.php\/wp-json\/wp\/v2\/pages\/31","targetHints":{"allow":["GET"]}}],"collection":[{"href":"https:\/\/veebe.fr\/index.php\/wp-json\/wp\/v2\/pages"}],"about":[{"href":"https:\/\/veebe.fr\/index.php\/wp-json\/wp\/v2\/types\/page"}],"author":[{"embeddable":true,"href":"https:\/\/veebe.fr\/index.php\/wp-json\/wp\/v2\/users\/1"}],"replies":[{"embeddable":true,"href":"https:\/\/veebe.fr\/index.php\/wp-json\/wp\/v2\/comments?post=31"}],"version-history":[{"count":10,"href":"https:\/\/veebe.fr\/index.php\/wp-json\/wp\/v2\/pages\/31\/revisions"}],"predecessor-version":[{"id":168,"href":"https:\/\/veebe.fr\/index.php\/wp-json\/wp\/v2\/pages\/31\/revisions\/168"}],"wp:attachment":[{"href":"https:\/\/veebe.fr\/index.php\/wp-json\/wp\/v2\/media?parent=31"}],"curies":[{"name":"wp","href":"https:\/\/api.w.org\/{rel}","templated":true}]}}